
{"id":845,"date":"2018-10-29T06:37:36","date_gmt":"2018-10-29T06:37:36","guid":{"rendered":"http:\/\/scmihaieminescu.ro\/?page_id=845"},"modified":"2022-09-09T18:12:54","modified_gmt":"2022-09-09T18:12:54","slug":"conducere","status":"publish","type":"page","link":"https:\/\/old.scmihaieminescu.ro\/?page_id=845","title":{"rendered":"CONDUCERE"},"content":{"rendered":"<p><b>\u00a0Programul de func\u021bionare\u00a0al institu\u021biei:<\/b><\/p>\n<ul>\n<li>cursuri: 08,00 \u2013 13,00 \u00eenv\u0103\u021b\u0103m\u00e2nt pre\u0219colar<\/li>\n<li>cursuri; 08.00-12.00\/13.00 \u00eenv\u0103\u021b\u0103m\u00e2nt primar<\/li>\n<li>cursuri 12.30-19.30 \u00eenv\u0103\u021b\u0103m\u00e2nt gimnazial<\/li>\n<\/ul>\n<p><b>Programul de audien\u021be:<\/b><\/p>\n<p><strong>DIRECTOR:<\/strong> prof. Raluca Mihaela MITRAN<\/p>\n<p><b>p\u0103rin\u021bi<\/b><strong>:<\/strong> luni\u00a0 orele: 12.00-15.00; mar\u021bi, orele: 16.00-18.00, joi orele 16.00-18.00<\/p>\n<p><strong>elevi:<\/strong> mar\u021bi 15.00-16.00, vineri 12.00-14.00, ori de c\u00e2te ori este nevoie<\/p>\n<p><strong>personalul propriu:<\/strong> \u00a0luni orele 8.00-10.00, mar\u021bi orele 14.00-15.00, joi orele 14.00-15.00, vineri 8.00-10.00<\/p>\n<p>&nbsp;<\/p>\n<p><strong>DIRECTOR ADJUNCT:<\/strong> prof. Alina Beatrice RUSU<\/p>\n<p><b>p\u0103rinti<\/b><strong>:<\/strong> \u00a0miercuri orele 12.00-15.00, joi orele 12.00-14.00, vineri orele 9.00-11.00<\/p>\n<p><strong>elevi :<\/strong> luni\u00a0 orele: 13.00-15.00; mar\u021bi , orele: 10.00-12.00, vineri orele 11.0-13.00<\/p>\n<p><strong>personalul propriu:<\/strong> luni orele 11.00-13.00, mar\u021bi orele 12.00-14.00, miercuri orele 15.00-17.00, joi orele 10.00-12.00<\/p>\n<p>&nbsp;<\/p>\n<p>&nbsp;<\/p>\n<p>&nbsp;<\/p>\n","protected":false},"excerpt":{"rendered":"<p>\u00a0Programul de func\u021bionare\u00a0al institu\u021biei: cursuri: 08,00 \u2013 13,00 \u00eenv\u0103\u021b\u0103m\u00e2nt pre\u0219colar cursuri; 08.00-12.00\/13.00 \u00eenv\u0103\u021b\u0103m\u00e2nt primar cursuri 12.30-19.30 \u00eenv\u0103\u021b\u0103m\u00e2nt gimnazial Programul de audien\u021be: DIRECTOR: prof. Raluca Mihaela MITRAN p\u0103rin\u021bi: luni\u00a0 orele: 12.00-15.00; mar\u021bi, orele: 16.00-18.00, joi orele 16.00-18.00 elevi: mar\u021bi 15.00-16.00, vineri 12.00-14.00, ori de c\u00e2te ori este nevoie personalul propriu: \u00a0luni orele 8.00-10.00, mar\u021bi orele 14.00-15.00, [&hellip;]<\/p>\n","protected":false},"author":1,"featured_media":0,"parent":0,"menu_order":0,"comment_status":"closed","ping_status":"closed","template":"","meta":[],"_links":{"self":[{"href":"https:\/\/old.scmihaieminescu.ro\/index.php?rest_route=\/wp\/v2\/pages\/845"}],"collection":[{"href":"https:\/\/old.scmihaieminescu.ro\/index.php?rest_route=\/wp\/v2\/pages"}],"about":[{"href":"https:\/\/old.scmihaieminescu.ro\/index.php?rest_route=\/wp\/v2\/types\/page"}],"author":[{"embeddable":true,"href":"https:\/\/old.scmihaieminescu.ro\/index.php?rest_route=\/wp\/v2\/users\/1"}],"replies":[{"embeddable":true,"href":"https:\/\/old.scmihaieminescu.ro\/index.php?rest_route=%2Fwp%2Fv2%2Fcomments&post=845"}],"version-history":[{"count":6,"href":"https:\/\/old.scmihaieminescu.ro\/index.php?rest_route=\/wp\/v2\/pages\/845\/revisions"}],"predecessor-version":[{"id":1436,"href":"https:\/\/old.scmihaieminescu.ro\/index.php?rest_route=\/wp\/v2\/pages\/845\/revisions\/1436"}],"wp:attachment":[{"href":"https:\/\/old.scmihaieminescu.ro\/index.php?rest_route=%2Fwp%2Fv2%2Fmedia&parent=845"}],"curies":[{"name":"wp","href":"https:\/\/api.w.org\/{rel}","templated":true}]}}