
{"id":761,"date":"2017-12-15T10:31:25","date_gmt":"2017-12-15T10:31:25","guid":{"rendered":"http:\/\/sc37mihaieminescu.ro\/?page_id=761"},"modified":"2018-11-02T07:05:18","modified_gmt":"2018-11-02T07:05:18","slug":"proiect-international-a-bee-c","status":"publish","type":"page","link":"https:\/\/old.scmihaieminescu.ro\/?page_id=761","title":{"rendered":"PROIECT ERASMUS +2017-2019  A BEE C"},"content":{"rendered":"<p>Proiectul <strong>A BEE C<\/strong> este un proiect <strong>Erasmus +<\/strong> care \u00eencepe \u00een <strong>septembrie 2017<\/strong> \u0219i se va \u00eencheia \u00een <strong>2019<\/strong>. Proiectul Erasmus + A BEE C vizeaz\u0103 dezvoltarea abilit\u0103\u021bilor creative \u0219i antreprenoriale ale elevilor. \u00cen timpul perioadei noastre de proiect vom lucra la crearea unei povesti de lan\u021b care va fi pus\u0103 pe scen\u0103 \u00een toate \u0219colile partenere. Dorim s\u0103 folosim oportunit\u0103\u021bile oferite de platforma eTwinning pentru o comunicare mai bun\u0103 \u0219i mai sigur\u0103 pentru nevoile proiectului nostru. Vom \u00eemp\u0103rt\u0103\u0219i materialele \u0219i vom folosi spa\u021biul eTwinning pentru \u00eent\u00e2lnirile noastre video interna\u021bionale, unde studen\u021bii \u0219i profesorii vor face schimb de idei \u0219i vor discuta munca \u0219i planurile lor. Toate materialele dezvoltate \u00een timpul perioadei proiectului ne propunem s\u0103 stoc\u0103m \u0219i s\u0103 le folosim \u00een eTwinning. Parteneriatul nostru este alc\u0103tuit din 6 comisii care se vor al\u0103tura \u0219i vor forma un program BEI C de tip <strong>eTwinning.<\/strong><\/p>\n<p><strong>Vizitati pagina proiectului la adresa:<\/strong><\/p>\n<p><a href=\"https:\/\/projectabeec.wixsite.com\/abeec\">https:\/\/projectabeec.wixsite.com\/abeec<\/a><\/p>\n<p><strong>P<\/strong><strong>ROCEDUR\u0102 OPERA\u0162IONAL\u0102<\/strong><\/p>\n<p>pentru selec\u0163ia participan\u0163ilor \u00een cadrul proiectului<\/p>\n<p><strong>\u201d<\/strong> <strong>ARTISTIC APPROACH TO BUSINESS EDUCATION, ENTREPRENEURSHIP AND CULTURE<\/strong><strong>\u201d<\/strong>nr. re <strong>2017-1-BG01-KA219-036227_4,\u00a0<\/strong>aprobat pentru finan\u0163are \u00een cadrul rundei 2017:<\/p>\n<p><a href=\"http:\/\/scmihaieminescu.ro\/wp-content\/uploads\/2018\/10\/Procedura-selectie-elevi-erasmus-2017-2019.pdf\">Procedura selectie elevi erasmus 2017-2019<\/a><\/p>\n<p>&nbsp;<\/p>\n<p>Puteti viziona piesa de teatru &#8222;O aventura posibila&#8221;, urmand link-urile de mai jos:<\/p>\n<p><iframe loading=\"lazy\" width=\"655\" height=\"368\" src=\"https:\/\/www.youtube.com\/embed\/2cK5Lbd0J0M?start=17&#038;feature=oembed\" frameborder=\"0\" allow=\"accelerometer; autoplay; encrypted-media; gyroscope; picture-in-picture\" allowfullscreen><\/iframe><\/p>\n<p><iframe loading=\"lazy\" width=\"655\" height=\"368\" src=\"https:\/\/www.youtube.com\/embed\/NbsDxe_gQQI?start=22&#038;feature=oembed\" frameborder=\"0\" allow=\"accelerometer; autoplay; encrypted-media; gyroscope; picture-in-picture\" allowfullscreen><\/iframe><\/p>\n<p><iframe loading=\"lazy\" width=\"655\" height=\"368\" src=\"https:\/\/www.youtube.com\/embed\/CJlBHTswf5s?start=22&#038;feature=oembed\" frameborder=\"0\" allow=\"accelerometer; autoplay; encrypted-media; gyroscope; picture-in-picture\" allowfullscreen><\/iframe><\/p>\n<p>&nbsp;<\/p>\n<h1 id=\"tw-target-text\" class=\"tw-data-text tw-ta tw-text-small\" dir=\"ltr\" data-placeholder=\"Traducere\"><\/h1>\n<p>&nbsp;<\/p>\n<p>&nbsp;<\/p>\n<p>&nbsp;<\/p>\n","protected":false},"excerpt":{"rendered":"<p>Proiectul A BEE C este un proiect Erasmus + care \u00eencepe \u00een septembrie 2017 \u0219i se va \u00eencheia \u00een 2019. Proiectul Erasmus + A BEE C vizeaz\u0103 dezvoltarea abilit\u0103\u021bilor creative \u0219i antreprenoriale ale elevilor. \u00cen timpul perioadei noastre de proiect vom lucra la crearea unei povesti de lan\u021b care va fi pus\u0103 pe scen\u0103 \u00een [&hellip;]<\/p>\n","protected":false},"author":1,"featured_media":0,"parent":274,"menu_order":0,"comment_status":"closed","ping_status":"closed","template":"","meta":[],"_links":{"self":[{"href":"https:\/\/old.scmihaieminescu.ro\/index.php?rest_route=\/wp\/v2\/pages\/761"}],"collection":[{"href":"https:\/\/old.scmihaieminescu.ro\/index.php?rest_route=\/wp\/v2\/pages"}],"about":[{"href":"https:\/\/old.scmihaieminescu.ro\/index.php?rest_route=\/wp\/v2\/types\/page"}],"author":[{"embeddable":true,"href":"https:\/\/old.scmihaieminescu.ro\/index.php?rest_route=\/wp\/v2\/users\/1"}],"replies":[{"embeddable":true,"href":"https:\/\/old.scmihaieminescu.ro\/index.php?rest_route=%2Fwp%2Fv2%2Fcomments&post=761"}],"version-history":[{"count":14,"href":"https:\/\/old.scmihaieminescu.ro\/index.php?rest_route=\/wp\/v2\/pages\/761\/revisions"}],"predecessor-version":[{"id":925,"href":"https:\/\/old.scmihaieminescu.ro\/index.php?rest_route=\/wp\/v2\/pages\/761\/revisions\/925"}],"up":[{"embeddable":true,"href":"https:\/\/old.scmihaieminescu.ro\/index.php?rest_route=\/wp\/v2\/pages\/274"}],"wp:attachment":[{"href":"https:\/\/old.scmihaieminescu.ro\/index.php?rest_route=%2Fwp%2Fv2%2Fmedia&parent=761"}],"curies":[{"name":"wp","href":"https:\/\/api.w.org\/{rel}","templated":true}]}}