
{"id":1228,"date":"2021-01-28T19:31:02","date_gmt":"2021-01-28T19:31:02","guid":{"rendered":"http:\/\/scmihaieminescu.ro\/?page_id=1228"},"modified":"2021-01-28T19:31:02","modified_gmt":"2021-01-28T19:31:02","slug":"oferta-educationala-2020-2021","status":"publish","type":"page","link":"https:\/\/old.scmihaieminescu.ro\/?page_id=1228","title":{"rendered":"Oferta educa\u021bional\u0103 2020-2021"},"content":{"rendered":"<p>Motto:<\/p>\n<p><strong><em>\u201cEducatia este ca un pom fructifer, daca nu este altoit face fructe mici \u0219i acre\u201d\u00a0<\/em><\/strong>(Robert Frost)<\/p>\n<p>\u015ecoala Gimnazial\u0103\u00a0 \u201eMihai Eminescu\u201d Craiova urm\u0103re\u015fte s\u0103 r\u0103spund\u0103 intereselor sociale \u015fi comunitare, s\u0103 asigure pentru fiecare copil de v\u00e2rst\u0103 \u015fcolar\u0103 condi\u0163ii optime de dezvoltare fizic\u0103 \u015fi intelectual\u0103, potrivit finalit\u0103\u0163ilor \u00eenv\u0103\u0163\u0103m\u00e2ntului.<\/p>\n<p><strong><em>Obiectivele noastre sunt:<\/em><\/strong><\/p>\n<p>\u0218colarizarea tuturor elevilor \u015fi \u00eembun\u0103t\u0103\u0163irea frecven\u0163ei,<\/p>\n<p>Educarea fiec\u0103rui copil \u00een func\u0163ie de particularit\u0103\u0163ile de v\u00e2rst\u0103 \u015fi individuale,<\/p>\n<p>Crearea unui mediu de instruire\u00a0 bazat pe respect reciproc \u015fi principii democratice,<\/p>\n<p>Preg\u0103tirea viitorilor cet\u0103\u021beni, dispu\u015fi s\u0103 se instruiasc\u0103 toat\u0103 via\u0163a,<\/p>\n<p>Dob\u00e2ndirea real\u0103 de c\u0103tre to\u0163i copiii a deprinderilor: cognitive, artistice \u015fi practice.<\/p>\n<p><a href=\"http:\/\/scmihaieminescu.ro\/?attachment_id=1229\" rel=\"attachment wp-att-1229\">OFERTA educationala 2020-2021<\/a><\/p>\n","protected":false},"excerpt":{"rendered":"<p>Motto: \u201cEducatia este ca un pom fructifer, daca nu este altoit face fructe mici \u0219i acre\u201d\u00a0(Robert Frost) \u015ecoala Gimnazial\u0103\u00a0 \u201eMihai Eminescu\u201d Craiova urm\u0103re\u015fte s\u0103 r\u0103spund\u0103 intereselor sociale \u015fi comunitare, s\u0103 asigure pentru fiecare copil de v\u00e2rst\u0103 \u015fcolar\u0103 condi\u0163ii optime de dezvoltare fizic\u0103 \u015fi intelectual\u0103, potrivit finalit\u0103\u0163ilor \u00eenv\u0103\u0163\u0103m\u00e2ntului. Obiectivele noastre sunt: \u0218colarizarea tuturor elevilor \u015fi \u00eembun\u0103t\u0103\u0163irea [&hellip;]<\/p>\n","protected":false},"author":1,"featured_media":0,"parent":55,"menu_order":0,"comment_status":"closed","ping_status":"closed","template":"","meta":[],"_links":{"self":[{"href":"https:\/\/old.scmihaieminescu.ro\/index.php?rest_route=\/wp\/v2\/pages\/1228"}],"collection":[{"href":"https:\/\/old.scmihaieminescu.ro\/index.php?rest_route=\/wp\/v2\/pages"}],"about":[{"href":"https:\/\/old.scmihaieminescu.ro\/index.php?rest_route=\/wp\/v2\/types\/page"}],"author":[{"embeddable":true,"href":"https:\/\/old.scmihaieminescu.ro\/index.php?rest_route=\/wp\/v2\/users\/1"}],"replies":[{"embeddable":true,"href":"https:\/\/old.scmihaieminescu.ro\/index.php?rest_route=%2Fwp%2Fv2%2Fcomments&post=1228"}],"version-history":[{"count":2,"href":"https:\/\/old.scmihaieminescu.ro\/index.php?rest_route=\/wp\/v2\/pages\/1228\/revisions"}],"predecessor-version":[{"id":1231,"href":"https:\/\/old.scmihaieminescu.ro\/index.php?rest_route=\/wp\/v2\/pages\/1228\/revisions\/1231"}],"up":[{"embeddable":true,"href":"https:\/\/old.scmihaieminescu.ro\/index.php?rest_route=\/wp\/v2\/pages\/55"}],"wp:attachment":[{"href":"https:\/\/old.scmihaieminescu.ro\/index.php?rest_route=%2Fwp%2Fv2%2Fmedia&parent=1228"}],"curies":[{"name":"wp","href":"https:\/\/api.w.org\/{rel}","templated":true}]}}